t + -26. What is the tens digit of h?
3
What is the tens digit of (-4)/12 + (5 - 1178/(-6))?
0
Let s(g) = g**3 - 5*g**2 + 5*g - 4. Let x be s(2). What is the tens digit of x/4 + (-45)/(-2)?
2
Let a = -193 + 1750. What is the units digit of a?
7
Let g = -13 + 16. Suppose -4*m - g*w = -49, m + 4*w + 8 = 30. Suppose c - 2*q - m = 0, -q + 2 = -3. What is the units digit of c?
0
Let q(j) = 2303*j - 14. What is the hundreds digit of q(1)?
2
Let c = -7 + -1. Let o be 94/18 - c/(-36). Suppose 6*q - o*q - 2 = 0. What is the units digit of q?
2
Let p = -1865 - -3437. What is the units digit of p?
2
Let k(h) be the first derivative of h**5/60 - h**4/6 - 7*h**3/6 - 2*h**2 + 2. Let f(n) be the second derivative of k(n). What is the units digit of f(6)?
5
Let r(v) = 2*v**3 - 27*v**2 - 5*v - 18. What is the units digit of r(14)?
8
Let v(w) = 8*w**2 - 3. Let x = -10 - -9. Let t be -2 + x + (6 - 1). What is the tens digit of v(t)?
2
Suppose 0 = 2*r - o + 4, -6*o = 5*r - 3*o - 1. What is the units digit of r*(-1)/(4/32)?
8
Suppose 6*t = t + 5. Let a = 86 - t. What is the tens digit of a?
8
What is the tens digit of 357 - (6/(-10))/(5/25)?
6
Let m = -4 - -4. Suppose j + 148 = 2*l, 2*j - 4 = -m. Suppose 5*a = 90 + l. What is the tens digit of a?
3
Let y be (-1)/(-1*2/10). Suppose 0 = -5*n - 5, -2*k = -4*n + 6 - 28. Suppose 2 = -3*v + y*v, -q - v = -k. What is the units digit of q?
8
Suppose -288*i + 22707 = -259*i. What is the tens digit of i?
8
What is the hundreds digit of (-100)/7*(-5 - (-75)/(-6))?
2
Let n = 1003 - 321. What is the units digit of n?
2
Let m = 137 - -3099. What is the tens digit of m?
3
Let r(m) = m**3 - 9*m**2 + 4*m + 5. Let p(i) = 2*i**3 - 2*i**2 + 4*i - 6. Let u be p(2). What is the units digit of r(u)?
5
Let g(w) = 7*w**3 + 4*w**2 - 3*w + 5. Let y be g(3). Suppose 3*l + y = 3*s - l, -2*l = -2*s + 148. What is the units digit of s?
5
What is the units digit of 307 + (6 - 0) + -5?
8
What is the hundreds digit of -6 + 1261 + -2 + (4 - -2)?
2
Let k be ((2 - 1) + -5)*458/4. What is the tens digit of k/(-5) + (3 - 13/5)?
9
Suppose 2*z = 3*k + 3273, 2*z - 2*k = 4019 - 749. What is the tens digit of z?
3
Let v = 34 - 38. Let k(l) = 4*l**2 - 5*l + 5. What is the units digit of k(v)?
9
What is the tens digit of -7 - (153104/(-32) + 2/4)?
7
Suppose 5*x - 308 = 2*t, 0 = 3*x - 2*t - t - 183. Let w = -3 + 3. Suppose 7*n - x - 78 = w. What is the units digit of n?
0
Suppose -7*t + 3 + 11 = 0. Suppose -4*f = -t*f - 10. What is the units digit of f?
5
Let w = -459 - -2006. What is the tens digit of w?
4
Suppose 0 = -5*j + 38 - 8. Suppose 1 = 5*c + j. Let s(m) = -54*m**3 + m**2 + m. What is the tens digit of s(c)?
5
Suppose 5*p + 115 = 5*s, 0*p + 3*s - 44 = 2*p. Let r = 37 + p. Suppose -h = -37 + r. What is the tens digit of h?
2
Let r(y) = y**2 + 15*y + 12. Let h be r(-15). What is the tens digit of 1/(-3) - (-808)/h?
6
Suppose -5*s - 4*i = 51, 5*i - 2 = 3. Let l be (s + 2)/(8 - 7). What is the units digit of (-39)/l - (-2)/(-6)?
4
Let l = 3721 + -1535. What is the tens digit of l?
8
Let z(m) = 25*m**3 - m**2 - 4*m + 7. What is the hundreds digit of z(3)?
6
Let a = -1821 + 3216. What is the tens digit of a?
9
What is the hundreds digit of 16/(-24) + ((-6740)/(-3))/4?
5
Let t(l) = -l**2 + l - 1. Let d(j) = 3*j**2 - 14*j - 20. Let y(n) = -d(n) - 2*t(n). What is the units digit of y(10)?
2
Let y = 31 + -29. Suppose -150 = -y*l - 34. What is the tens digit of l?
5
Let v(j) = -4*j + 10. Let z be v(-3). Let n = z + -22. Suppose n = -4*y + 42 + 30. What is the tens digit of y?
1
Let l = -24 + 10. Let t be (-2 - -1)*l/2. Suppose 4*b = h + 15, 2*h = t*h - 5. What is the units digit of b?
4
Suppose 0 = 4*t - 294 - 334. Suppose -6*k - 25 + t = 0. What is the tens digit of k?
2
Let j be (3/4)/(1/4). Suppose -2*o = j*o + 55. Let w = o - -38. What is the tens digit of w?
2
Suppose -5*f + 1665 = 3*a, -17*f = -13*f + 5*a - 1332. What is the hundreds digit of f?
3
Suppose 957 + 1725 = 6*h. What is the tens digit of h?
4
Let h(j) = -j**3 + j**2. Let y(q) = -12*q**3 - 2*q**2 + 5*q + 2. Let u(a) = 5*h(a) + y(a). What is the hundreds digit of u(-2)?
1
Let y(c) = -49*c - 186. What is the units digit of y(-6)?
8
Let s(q) = -6*q - 27. Let a be s(-5). Let l(x) = -7*x**2 + 2*x - 1. Let y be l(1). What is the units digit of ((-3)/a - y) + 3?
8
Let w be 3/(-3 + (-18)/(-4)). What is the tens digit of (-50)/((-8)/2 + w)?
2
Let g be 1/3 + 34/6. Suppose -g*l = -4*l - 42. What is the tens digit of l?
2
Let m(j) = -j**2 - j + 8. Let a be m(8). Let b be 6/4*a/24. Let x = 8 - b. What is the units digit of x?
2
Suppose -r + 5 = -4*w, r - 3*r + 13 = -5*w. Let k(t) = -t + 15. Let l be k(r). What is the units digit of (-4)/(-6) - (-26)/l?
5
Let j(a) = -2*a**2 + 17*a. Let q be j(9). Suppose 3*r + 5*o = 60, r + 5 - 21 = -3*o. Let t = r + q. What is the units digit of t?
6
Suppose 84*i - 63119 = -13727. What is the units digit of i?
8
Let t = -37 - -55. Let o be 0 - 20/(-8)*-2. Let j = t - o. What is the units digit of j?
3
Let v(x) = -x**3 + 5*x**2 - 4*x + 5. Let c be v(4). Suppose c*g = -5*m + 20, -6*m = -5*g - 3*m + 20. Suppose -61 = -g*a + 11. What is the units digit of a?
8
Suppose -5*p = -4*f + 13137 - 2546, -3*p = -2*f + 5293. What is the hundreds digit of f?
6
Let t(b) = -9*b + 36. What is the units digit of t(-14)?
2
Suppose -74 = 5*x + 5*q - q, -4*q - 18 = x. Let k(p) = 13*p + 6. Let m(g) = -54*g - 24. Let f(z) = -21*k(z) - 5*m(z). What is the units digit of f(x)?
6
Let q = 0 + 4. Let d be q/6 + (-10)/(-3). Suppose -4*h + 4 + 117 = -5*u, h = d*u + 44. What is the tens digit of h?
2
Suppose -m = 2*a, 0 = -0*m + m - 4*a + 6. Let y be (1 + 0)*(-22)/m. Let o(r) = 2*r + 6. What is the units digit of o(y)?
8
Let f(o) = o**2 - 6*o + 27. What is the units digit of f(14)?
9
Let m be (2/4*2)/(4/(-12)). What is the tens digit of (120/(-9))/(2/m)?
2
Let b be 2/(-7) + 186/14. Let a = -45 - -41. Let t = b - a. What is the tens digit of t?
1
Let g = 761 - 560. What is the tens digit of g?
0
Suppose 1731 = o - 2*k, 0*k = -5*o - 3*k + 8655. What is the units digit of o?
1
Suppose -w = -4*w - 2*c + 4213, -20 = 5*c. What is the hundreds digit of 6/9 - (4 + w/(-9))?
1
Suppose 2*b - 3*z = 12, 5*b + 2*z = -z - 12. Suppose -4*d + 2*d = b. Suppose 3*f + d*f - 90 = 0. What is the tens digit of f?
3
What is the thousands digit of (4/14 - (-36)/(-28)) + 2324?
2
Let d(l) = -2*l + 108. Let x be d(0). Suppose -5*m + 9*m - x = 0. What is the tens digit of m?
2
Let p = -13 - -16. Let g(v) = v - 5 - p*v**2 + v - v**3 + 16. What is the units digit of g(-5)?
1
Suppose -n + 4*w + 5 = 0, 0 = 4*n - 5*w - 8 - 1. Let f = 14 - n. What is the units digit of f?
3
Let x(a) = a**3 - 11*a**2 + 7*a - 22. What is the tens digit of x(17)?
3
Let j be 1/(-2)*(-6 - -6). Let s = 0 + j. Suppose s = z - 6*z + 55. What is the units digit of z?
1
Let m(b) = -2*b**2 - 7*b + 3. Let w be m(-4). What is the tens digit of (-4256)/(-49) - w/7?
8
Let y(s) be the first derivative of -s**4/2 - 5*s**3/3 + s**2/2 + 16*s + 35. What is the tens digit of y(-5)?
3
Let i(y) = 28*y + 181. What is the hundreds digit of i(27)?
9
Let s = 1273 + -701. What is the tens digit of s?
7
What is the hundreds digit of (112/70)/(20/56075)?
4
Let t be -1 + 1 - 3*-17. Suppose c = 3*c - 2, -3*a + 46 = c. Suppose -a = -6*r + t. What is the tens digit of r?
1
What is the hundreds digit of 4242/(-12)*(0 + -1)*2?
7
Suppose -5*g + 24*o + 1167 = 20*o, 3*o + 9 = 0. What is the hundreds digit of g?
2
Let n(s) = -2*s**3 - 7*s**2 + 2*s - 6. Let w be n(-4). Suppose 4*c = c + 69. Suppose 5*x + c = w*t, t + 3*x + 7 = 2. What is the units digit of t?
4
Suppose -4*h - h - 10 = 0. Let n(c) = c**3 - 12*c**2 + 3*c - 15. Let k(r) = -1. Let i(w) = h*k(w) + n(w). What is the units digit of i(12)?
3
Suppose -4*t + 152 = -g, 4*g + 59 = t + 21. Let c be (-2)/(-4) + 1/(-2). Let w = t + c. What is the units digit of w?
8
Suppose 2*a - 436 = 4*l, -5*l + 29 = 4. What is the units digit of a?
8
Suppose -475 = 6*j - 7. Let h be (-54)/(-36) + j/(-4). What is the units digit of 33/h + (-4)/7?
1
Let k be (-7)/(-2)*(-36)/(-21). Suppose -2*h = -2*a - k*h + 18, 21 = 2*a + 5*h. Suppose -o = 4*o - 5*x, a*o = 5*x - 2. What is the units digit of o?
1
Suppose 2*w = -3*f + 208 + 102, f = 5*w + 126. What is the t